{"id":871,"date":"2021-07-09T09:46:02","date_gmt":"2021-07-09T14:46:02","guid":{"rendered":"https:\/\/ons.pe\/wp1\/?post_type=product&#038;p=871"},"modified":"2021-09-08T10:56:36","modified_gmt":"2021-09-08T15:56:36","slug":"cirugia-bucal-para-el-consultorio-i","status":"publish","type":"product","link":"https:\/\/ons.pe\/wp1\/product\/cirugia-bucal-para-el-consultorio-i\/","title":{"rendered":"Cirug\u00eda bucal para el consultorio I"},"content":{"rendered":"        <!-- wrt_print_rt_wp_responsive_tabs_func -->                \n                \n                \n                            \n            \n              <!-- wrt_print_rt_wp_responsive_tabs_style --><style>\n\n                    .tab_set1 .vresp-tabs-list{margin-left: 0px}\n                    .tab_set1 a{box-shadow:none;border-bottom:none}\n                    .tab_set1 h2heading.resp-tab-active span.resp-arrow{border-bottom:12px solid #428bca}\n                    .tab_set1 .vresp-tab-active span.resp-arrow{border-bottom:12px solid #428bca}\n                    .tab_set1 .resp-arrow{border-top:12px solid #ffffff}\n                    .tab_set1 .resp-tab-content{color:#000000;border:1px solid  #73c9cd}\n                    .tab_set1 .vresp-tab-item{color:#ffffff;background-color: #2c5d88;}\n                    .tab_set1 .vresp-tab-content{color:#000000;border-color: #73c9cd}\n                    .tab_set1 .vresp-tabs-container{background-color: #ffffff}\n                    .tab_set1 .vresp-tabs-container h2heading{}\n                    .tab_set1 .vresp-tab-active{color:#ffffff;border-color:1px solid  #73c9cd;margin-right:-1px;margin-top:2px; border-right:none !important}\n                    .tab_set1 .resp-accordion.vresp-tab-active{color:#ffffff;border-color:1px solid  #73c9cd;margin-right:0px;margin-top:0px; }\n\n                    .tab_set1 .vresp-tab-content-active{color:#000000;background-color:#ffffff }\n                    .wrt_69ec451f542a9 .resp-accordion{color:#ffffff;}\n                    .wrt_69ec451f542a9 .resp-accordion.vresp-tab-active{color:#ffffff;border-right:1px solid  #73c9cd !important }\n                     .tab_set1 .vresp-tab-item:hover{color:#428bca;background-color: #ffffff;border-left:4px solid  #73c9cd !important ;border-top:1px solid  #73c9cd;border-bottom:1px solid  #73c9cd;padding:14px 14px;transition:none}\n                     .tab_set1 .vresp-tab-active{color:#428bca;background-color: #ffffff}\n                     \n                    @media only screen and (max-width: 768px) {\n                        \n                        .tab_set1  h2heading{background-color: #2c5d88}\n                        .tab_set1 .vresp-tabs-container{background-color:unset }\n                        .tab_set1 .resp-accordion.vresp-tab-active{\n                            \n                           background-color: #ffffff ;\n                            border-top:3px solid #73c9cd;\n                           margin-top: 0px;\n                           color:#428bca;\n                        }\n                    }\n                    .tab_set1 .resp-accordion.resp-tab-active{\n                            \n                           background-color: #ffffff ;\n                           border-top:3px solid #73c9cd;\n                           margin-top: 0px;\n                           color:#428bca;\n                        }\n                        .tab_set1 .resp-accordion.resp-tab-active:first-child{\n                            \n                           border-top:4px solid #73c9cd;\n                         \n                        }\n                        \n                                                    .tab_set1 .resp-tab-content-active{\n\n                                background-color: #ffffff ;\n                            }\n\n                             .tab_set1 .resp-accordion{\n\n                                 background-color:#2c5d88;\n                                 color:#ffffff;\n                             }\n                                         <\/style><!-- end wrt_print_rt_wp_responsive_tabs_style -->\n\n          \n                \n       \n                              \n            \n                        <div id=\"1_Tab\" class=\"wrt_69ec451f542a9 1_Tab\" style=\"visibility: hidden\" > <div data-tabido=\"tab_set1\" id=\"tab_set1_overlay\" class=\"overlay_\" style=\"background: #fff url('https:\/\/ons.pe\/wp1\/wp-content\/plugins\/responsive-horizontal-vertical-and-accordion-tabs\/images\/bx_loader.gif') no-repeat scroll 50% 50%;\" ><\/div><div id=\"tab_set1\" class=\"tab_set1\"><ul  class=\"resp-tabs-list  hor_tab_set1\"><li data-isajaxloaded=\"0\" data-tabid=\"1\">ANESTESIA LOCAL (t\u00e9cnicas anest\u00e9sicas)<\/li><li data-isajaxloaded=\"0\" data-tabid=\"8\">T\u00c9CNICAS DE SUTURADO<\/li><li data-isajaxloaded=\"0\" data-tabid=\"9\">MARKETING PARA EL ODONT\u00d3LOGO GENERAL<\/li><li data-isajaxloaded=\"0\" data-tabid=\"6\">DOCUMENTOS M\u00c9DICO LEGALES<\/li><li data-isajaxloaded=\"0\" data-tabid=\"7\">OSTEOTOM\u00cdA CON FRESAS Y MOTOR PIEZO EL\u00c9CTRICO<\/li><li data-isajaxloaded=\"0\" data-tabid=\"4\">CIRUG\u00cdA BUCAL B\u00c1SICA<\/li><li data-isajaxloaded=\"0\" data-tabid=\"5\">COVID-19 Y ODONTOLOG\u00cdA<\/li><li data-isajaxloaded=\"0\" data-tabid=\"3\">BIOSEGURIDAD II<\/li><li data-isajaxloaded=\"0\" data-tabid=\"2\">BIOSEGURIDAD I<\/li><\/ul><div class=\" resp-tabs-container hor_tab_set1\"><div id=\"tab_tab_set1_1\"><ul>\n<li>Anestesia del nervio dentario inferior.<\/li>\n<li>Anestesia de la maxila.<\/li>\n<li>Anestesia troncular del nervio maxilar superior (V-2).<\/li>\n<li>T\u00e9cnica de Gow-Gates para el nervio dentario inferior.<\/li>\n<\/ul>\n<\/div><div id=\"tab_tab_set1_8\"><p>C\u00f3mo hacer el nudo de cirujano. C\u00f3mo seleccionar el hilo y la aguja de sutura. Propiedades de los materiales de suturado. C\u00f3mo retirar los puntos de sutura. Nudos y suturas quir\u00fargicas.<\/p>\n<\/div><div id=\"tab_tab_set1_9\"><p>Tipos de negocio en odontolog\u00eda. Marketing para el consultorio dental tradicional. Teor\u00eda del color en marketing. C\u00f3mo crear tu embudo de ventas.<\/p>\n<\/div><div id=\"tab_tab_set1_6\"><p>Confecci\u00f3n del consentimiento informado. Confecci\u00f3n de la receta m\u00e9dica. Confecci\u00f3n del reposte quir\u00fargico. Consentimiento informado para la extracci\u00f3n del tercer molar. Consentimiento informado en Arabia Saudita para la extracci\u00f3n del tercer molar. Errores en la prescripci\u00f3n de medicamentos en Ir\u00e1n.<\/p>\n<\/div><div id=\"tab_tab_set1_7\"><p>Principios b\u00e1sicos del efecto piezo el\u00e9ctrico. Ventajas cl\u00ednicas del motor piezo el\u00e9ctrico. Piezo el\u00e9ctrico versus instrumentos rotatorios en cirug\u00eda apical. Fresas quir\u00fargicas usadas para la osteotom\u00eda y odontosecci\u00f3n. Fresas Zekrya versus fresas de Lindemann en odontosecci\u00f3n. Extracci\u00f3n de terceros molares con motor piezo el\u00e9ctrico, ventajas y desventajas.<\/p>\n<\/div><div id=\"tab_tab_set1_4\"><p>Historia de la medicina y la cirug\u00eda. Diagn\u00f3stico cl\u00ednico previo a la cirug\u00eda. Planeamiento quir\u00fargico. Dise\u00f1o del colgajo. Efectos de los instrumentos rotatorios y el motor piezo el\u00e9ctrico en cirug\u00eda bucal.<\/p>\n<\/div><div id=\"tab_tab_set1_5\"><p>La odontolog\u00eda despu\u00e9s del COVID-19. Tips legales y de bioseguridad. Protocolos de atenci\u00f3n dental en la era del COVID-19. Colutorios bucales en el contexto del COVID-19. C\u00f3mo adecuar el consultorio a las normas del Ministerio de Salud.<\/p>\n<\/div><div id=\"tab_tab_set1_3\"><p>Desinfecci\u00f3n del consultorio odontol\u00f3gico. Ozono versus radiaci\u00f3n ultravioleta. Esterilizaci\u00f3n y desinfecci\u00f3n del consultorio. Equipo de protecci\u00f3n personal (EPP). Propiedades del \u00e1cido hipocloroso. Efectos del cetilpiridinio contra el virus del COVID-19.<\/p>\n<\/div><div id=\"tab_tab_set1_2\"><p>COVID-19 lo que todo dentista debe saber. Protocolos de atenci\u00f3n dental en el mundo post COVID-19. Principios de bioseguridad en odontolog\u00eda. C\u00f3mo destilar el agua destilada. Propiedades del \u00e1cido hipocloroso. Efecto de los aerosoles en odontolog\u00eda. Alta expresi\u00f3n de receptores ECA-2 en boca.<\/p>\n<\/div><\/div><\/div><\/div>         \n            <!-- wrt_print_rt_wp_responsive_tabs_script --><script type=\"text\/javascript\">\n\n                              \n                var interval_69ec451f544a6 = setInterval(function() {\n\n                 if(document.readyState === 'complete') {\n                     \n                    clearInterval(interval_69ec451f544a6);\n                   \n                     jQuery('.tab_set1').easyResponsiveTabs({\n\n                          type: 'accordion', \/\/Types: default, vertical, accordion\n                          width: 'auto', \/\/auto or any width like 600px\n                          fit: true, \/\/ 100% fit in a container\n                          closed: 'accordion', \/\/ Start closed if in accordion view\n                          tabidentify: 'hor_tab_set1', \/\/ The tab groups identifier\n                          active_border_color: '#73c9cd',\n                          active_content_border_color: '#73c9cd',\n                          activetab_bg: '#ffffff',\n                          inactive_bg: '#2c5d88'\n\n                      });\n\n                     \n                    \n                                            \n                        setTimeout(function(){ \n                        \n                        \n                         \n                         jQuery(\".tab_set1\").find('[data-tabid=\"1\"]:first').trigger('click');\n                          jQuery(\".tab_set1\").css('visibility', 'visible'); \n\n                        }, 800);\n\n                        \n                        \n                        \n                        \n                  \n                  \n                      \n                   }    \n                }, 100); \n                   \n            <\/script><!-- end wrt_print_rt_wp_responsive_tabs_script -->\n         \n               \n                \n<!-- end wrt_print_rt_wp_responsive_tabs_func -->\n    \n","protected":false},"excerpt":{"rendered":"<p><b>CONTENIDO<\/b><br \/>\n&#8211; Anestesia local (t\u00e9cnicas anest\u00e9sicas)<br \/>\n&#8211; Anest\u00e9sicos locales<br \/>\n&#8211; Bioseguridad I<br \/>\n&#8211; Bioseguridad II<br \/>\n&#8211; Cirug\u00eda bucal b\u00e1sica<br \/>\n&#8211; COVID-19 y odontolog\u00eda<br \/>\n&#8211; Documentos m\u00e9dico legales<br \/>\n&#8211; Osteotom\u00eda con fresas y motor piezo el\u00e9ctrico<br \/>\n&#8211; T\u00e9cnicas de suturado<br \/>\n&#8211; Marketing para el odont\u00f3logo general<\/p>\n","protected":false},"featured_media":880,"comment_status":"closed","ping_status":"closed","template":"","meta":{"site-sidebar-layout":"default","site-content-layout":"default","ast-site-content-layout":"default","site-content-style":"default","site-sidebar-style":"default","ast-global-header-display":"","ast-banner-title-visibility":"","ast-main-header-display":"","ast-hfb-above-header-display":"","ast-hfb-below-header-display":"","ast-hfb-mobile-header-display":"","site-post-title":"","ast-breadcrumbs-content":"","ast-featured-img":"","footer-sml-layout":"","ast-disable-related-posts":"","theme-transparent-header-meta":"default","adv-header-id-meta":"","stick-header-meta":"","header-above-stick-meta":"","header-main-stick-meta":"","header-below-stick-meta":"","astra-migrate-meta-layouts":"default","ast-page-background-enabled":"default","ast-page-background-meta":{"desktop":{"background-color":"","background-image":"","background-repeat":"repeat","background-position":"center center","background-size":"auto","background-attachment":"scroll","background-type":"","background-media":"","overlay-type":"","overlay-color":"","overlay-opacity":"","overlay-gradient":""},"tablet":{"background-color":"","background-image":"","background-repeat":"repeat","background-position":"center center","background-size":"auto","background-attachment":"scroll","background-type":"","background-media":"","overlay-type":"","overlay-color":"","overlay-opacity":"","overlay-gradient":""},"mobile":{"background-color":"","background-image":"","background-repeat":"repeat","background-position":"center center","background-size":"auto","background-attachment":"scroll","background-type":"","background-media":"","overlay-type":"","overlay-color":"","overlay-opacity":"","overlay-gradient":""}},"ast-content-background-meta":{"desktop":{"background-color":"var(--ast-global-color-5)","background-image":"","background-repeat":"repeat","background-position":"center center","background-size":"auto","background-attachment":"scroll","background-type":"","background-media":"","overlay-type":"","overlay-color":"","overlay-opacity":"","overlay-gradient":""},"tablet":{"background-color":"var(--ast-global-color-5)","background-image":"","background-repeat":"repeat","background-position":"center center","background-size":"auto","background-attachment":"scroll","background-type":"","background-media":"","overlay-type":"","overlay-color":"","overlay-opacity":"","overlay-gradient":""},"mobile":{"background-color":"var(--ast-global-color-5)","background-image":"","background-repeat":"repeat","background-position":"center center","background-size":"auto","background-attachment":"scroll","background-type":"","background-media":"","overlay-type":"","overlay-color":"","overlay-opacity":"","overlay-gradient":""}}},"product_brand":[],"product_cat":[28,38],"product_tag":[],"class_list":{"0":"post-871","1":"product","2":"type-product","3":"status-publish","4":"has-post-thumbnail","6":"product_cat-cirugia-bucal","7":"product_cat-curso-integral","8":"desktop-align-left","9":"tablet-align-left","10":"mobile-align-left","12":"first","13":"instock","14":"featured","15":"virtual","16":"sold-individually","17":"taxable","18":"purchasable","19":"product-type-simple"},"_links":{"self":[{"href":"https:\/\/ons.pe\/wp1\/wp-json\/wp\/v2\/product\/871","targetHints":{"allow":["GET"]}}],"collection":[{"href":"https:\/\/ons.pe\/wp1\/wp-json\/wp\/v2\/product"}],"about":[{"href":"https:\/\/ons.pe\/wp1\/wp-json\/wp\/v2\/types\/product"}],"replies":[{"embeddable":true,"href":"https:\/\/ons.pe\/wp1\/wp-json\/wp\/v2\/comments?post=871"}],"wp:featuredmedia":[{"embeddable":true,"href":"https:\/\/ons.pe\/wp1\/wp-json\/wp\/v2\/media\/880"}],"wp:attachment":[{"href":"https:\/\/ons.pe\/wp1\/wp-json\/wp\/v2\/media?parent=871"}],"wp:term":[{"taxonomy":"product_brand","embeddable":true,"href":"https:\/\/ons.pe\/wp1\/wp-json\/wp\/v2\/product_brand?post=871"},{"taxonomy":"product_cat","embeddable":true,"href":"https:\/\/ons.pe\/wp1\/wp-json\/wp\/v2\/product_cat?post=871"},{"taxonomy":"product_tag","embeddable":true,"href":"https:\/\/ons.pe\/wp1\/wp-json\/wp\/v2\/product_tag?post=871"}],"curies":[{"name":"wp","href":"https:\/\/api.w.org\/{rel}","templated":true}]}}