{"id":788,"date":"2021-05-14T00:21:31","date_gmt":"2021-05-14T05:21:31","guid":{"rendered":"https:\/\/ons.pe\/wp1\/?post_type=product&#038;p=788"},"modified":"2021-09-03T22:48:40","modified_gmt":"2021-09-04T03:48:40","slug":"implantologia-y-planificacion-digital","status":"publish","type":"product","link":"https:\/\/ons.pe\/wp1\/product\/implantologia-y-planificacion-digital\/","title":{"rendered":"Implantolog\u00eda y Planificaci\u00f3n digital"},"content":{"rendered":"        <!-- wrt_print_rt_wp_responsive_tabs_func -->                \n                \n                \n                            \n            \n              <!-- wrt_print_rt_wp_responsive_tabs_style --><style>\n\n                    .tab_set5 .vresp-tabs-list{margin-left: 0px}\n                    .tab_set5 a{box-shadow:none;border-bottom:none}\n                    .tab_set5 h2heading.resp-tab-active span.resp-arrow{border-bottom:12px solid #428bca}\n                    .tab_set5 .vresp-tab-active span.resp-arrow{border-bottom:12px solid #428bca}\n                    .tab_set5 .resp-arrow{border-top:12px solid #ffffff}\n                    .tab_set5 .resp-tab-content{color:#000000;border:1px solid  #81d742}\n                    .tab_set5 .vresp-tab-item{color:#ffffff;background-color: #00aadd;}\n                    .tab_set5 .vresp-tab-content{color:#000000;border-color: #81d742}\n                    .tab_set5 .vresp-tabs-container{background-color: #ffffff}\n                    .tab_set5 .vresp-tabs-container h2heading{}\n                    .tab_set5 .vresp-tab-active{color:#ffffff;border-color:1px solid  #81d742;margin-right:-1px;margin-top:2px; border-right:none !important}\n                    .tab_set5 .resp-accordion.vresp-tab-active{color:#ffffff;border-color:1px solid  #81d742;margin-right:0px;margin-top:0px; }\n\n                    .tab_set5 .vresp-tab-content-active{color:#000000;background-color:#ffffff }\n                    .wrt_69e49ea344fa8 .resp-accordion{color:#ffffff;}\n                    .wrt_69e49ea344fa8 .resp-accordion.vresp-tab-active{color:#ffffff;border-right:1px solid  #81d742 !important }\n                     .tab_set5 .vresp-tab-item:hover{color:#428bca;background-color: #ffffff;border-left:4px solid  #81d742 !important ;border-top:1px solid  #81d742;border-bottom:1px solid  #81d742;padding:14px 14px;transition:none}\n                     .tab_set5 .vresp-tab-active{color:#428bca;background-color: #ffffff}\n                     \n                    @media only screen and (max-width: 768px) {\n                        \n                        .tab_set5  h2heading{background-color: #00aadd}\n                        .tab_set5 .vresp-tabs-container{background-color:unset }\n                        .tab_set5 .resp-accordion.vresp-tab-active{\n                            \n                           background-color: #ffffff ;\n                            border-top:3px solid #81d742;\n                           margin-top: 0px;\n                           color:#428bca;\n                        }\n                    }\n                    .tab_set5 .resp-accordion.resp-tab-active{\n                            \n                           background-color: #ffffff ;\n                           border-top:3px solid #81d742;\n                           margin-top: 0px;\n                           color:#428bca;\n                        }\n                        .tab_set5 .resp-accordion.resp-tab-active:first-child{\n                            \n                           border-top:4px solid #81d742;\n                         \n                        }\n                        \n                                                    .tab_set5 .resp-tab-content-active{\n\n                                background-color: #ffffff ;\n                            }\n\n                             .tab_set5 .resp-accordion{\n\n                                 background-color:#00aadd;\n                                 color:#ffffff;\n                             }\n                                         <\/style><!-- end wrt_print_rt_wp_responsive_tabs_style -->\n\n          \n                \n       \n                              \n            \n                        <div id=\"5_Tab\" class=\"wrt_69e49ea344fa8 5_Tab\" style=\"visibility: hidden\" > <div data-tabido=\"tab_set5\" id=\"tab_set5_overlay\" class=\"overlay_\" style=\"background: #fff url('https:\/\/ons.pe\/wp1\/wp-content\/plugins\/responsive-horizontal-vertical-and-accordion-tabs\/images\/bx_loader.gif') no-repeat scroll 50% 50%;\" ><\/div><div id=\"tab_set5\" class=\"tab_set5\"><ul  class=\"resp-tabs-list  hor_tab_set5\"><li data-isajaxloaded=\"0\" data-tabid=\"38\">FLUJO DIGITAL 3D EN ODONTOLOG\u00cdA<\/li><li data-isajaxloaded=\"0\" data-tabid=\"39\">PLANIFICACI\u00d3N DIGITAL 3D EN CIRUG\u00cdA BUCAL E IMPLANTES<\/li><li data-isajaxloaded=\"0\" data-tabid=\"40\">IMPLANTOLOG\u00cdA I T\u00c9CNICAS B\u00c1SICAS<\/li><li data-isajaxloaded=\"0\" data-tabid=\"41\">IMPLANTOLOG\u00cdA II T\u00c9CNICAS AVANZADAS<\/li><\/ul><div class=\" resp-tabs-container hor_tab_set5\"><div id=\"tab_tab_set5_38\"><p>Escaneado del modelo de trabajo. Impresora 3D para resinas. C\u00e1mara de lavado y polimerizaci\u00f3n. Cirug\u00eda guiada para extracci\u00f3n de mesiodens. Cirug\u00eda apical con f\u00e9rula 3D. El mundo y la odontolog\u00eda 3D.<\/p>\n<\/div><div id=\"tab_tab_set5_39\"><\/div><div id=\"tab_tab_set5_40\"><\/div><div id=\"tab_tab_set5_41\"><\/div><\/div><\/div><\/div>         \n            <!-- wrt_print_rt_wp_responsive_tabs_script --><script type=\"text\/javascript\">\n\n                              \n                var interval_69e49ea34522e = setInterval(function() {\n\n                 if(document.readyState === 'complete') {\n                     \n                    clearInterval(interval_69e49ea34522e);\n                   \n                     jQuery('.tab_set5').easyResponsiveTabs({\n\n                          type: 'accordion', \/\/Types: default, vertical, accordion\n                          width: 'auto', \/\/auto or any width like 600px\n                          fit: true, \/\/ 100% fit in a container\n                          closed: 'accordion', \/\/ Start closed if in accordion view\n                          tabidentify: 'hor_tab_set5', \/\/ The tab groups identifier\n                          active_border_color: '#81d742',\n                          active_content_border_color: '#81d742',\n                          activetab_bg: '#ffffff',\n                          inactive_bg: '#00aadd'\n\n                      });\n\n                     \n                    \n                                            \n                        setTimeout(function(){ \n                        \n                        \n                         \n                         jQuery(\".tab_set5\").find('[data-tabid=\"38\"]:first').trigger('click');\n                          jQuery(\".tab_set5\").css('visibility', 'visible'); \n\n                        }, 800);\n\n                        \n                        \n                        \n                        \n                  \n                  \n                      \n                   }    \n                }, 100); \n                   \n            <\/script><!-- end wrt_print_rt_wp_responsive_tabs_script -->\n         \n               \n                \n<!-- end wrt_print_rt_wp_responsive_tabs_func -->\n    \n","protected":false},"excerpt":{"rendered":"<p><strong>CONTENIDO:<\/strong><br \/>\n&#8211; FLUJO DIGITAL 3D EN ODONTOLOG\u00cdA<br \/>\n&#8211; PLANIFICACI\u00d3N DIGITAL 3D EN CIRUG\u00cdA BUCAL E IMPLANTES<br \/>\n&#8211; IMPLANTOLOG\u00cdA I T\u00c9CNICAS B\u00c1SICAS<br \/>\n&#8211; IMPLANTOLOG\u00cdA II T\u00c9CNICAS AVANZADAS<\/p>\n","protected":false},"featured_media":837,"comment_status":"closed","ping_status":"closed","template":"","meta":{"site-sidebar-layout":"default","site-content-layout":"default","ast-site-content-layout":"default","site-content-style":"default","site-sidebar-style":"default","ast-global-header-display":"","ast-banner-title-visibility":"","ast-main-header-display":"","ast-hfb-above-header-display":"","ast-hfb-below-header-display":"","ast-hfb-mobile-header-display":"","site-post-title":"","ast-breadcrumbs-content":"","ast-featured-img":"","footer-sml-layout":"","ast-disable-related-posts":"","theme-transparent-header-meta":"default","adv-header-id-meta":"","stick-header-meta":"","header-above-stick-meta":"","header-main-stick-meta":"","header-below-stick-meta":"","astra-migrate-meta-layouts":"default","ast-page-background-enabled":"default","ast-page-background-meta":{"desktop":{"background-color":"","background-image":"","background-repeat":"repeat","background-position":"center center","background-size":"auto","background-attachment":"scroll","background-type":"","background-media":"","overlay-type":"","overlay-color":"","overlay-opacity":"","overlay-gradient":""},"tablet":{"background-color":"","background-image":"","background-repeat":"repeat","background-position":"center center","background-size":"auto","background-attachment":"scroll","background-type":"","background-media":"","overlay-type":"","overlay-color":"","overlay-opacity":"","overlay-gradient":""},"mobile":{"background-color":"","background-image":"","background-repeat":"repeat","background-position":"center center","background-size":"auto","background-attachment":"scroll","background-type":"","background-media":"","overlay-type":"","overlay-color":"","overlay-opacity":"","overlay-gradient":""}},"ast-content-background-meta":{"desktop":{"background-color":"var(--ast-global-color-5)","background-image":"","background-repeat":"repeat","background-position":"center center","background-size":"auto","background-attachment":"scroll","background-type":"","background-media":"","overlay-type":"","overlay-color":"","overlay-opacity":"","overlay-gradient":""},"tablet":{"background-color":"var(--ast-global-color-5)","background-image":"","background-repeat":"repeat","background-position":"center center","background-size":"auto","background-attachment":"scroll","background-type":"","background-media":"","overlay-type":"","overlay-color":"","overlay-opacity":"","overlay-gradient":""},"mobile":{"background-color":"var(--ast-global-color-5)","background-image":"","background-repeat":"repeat","background-position":"center center","background-size":"auto","background-attachment":"scroll","background-type":"","background-media":"","overlay-type":"","overlay-color":"","overlay-opacity":"","overlay-gradient":""}}},"product_brand":[],"product_cat":[38,27],"product_tag":[],"class_list":{"0":"post-788","1":"product","2":"type-product","3":"status-publish","4":"has-post-thumbnail","6":"product_cat-curso-integral","7":"product_cat-implantologia","8":"desktop-align-left","9":"tablet-align-left","10":"mobile-align-left","12":"first","13":"instock","14":"featured","15":"virtual","16":"sold-individually","17":"taxable","18":"purchasable","19":"product-type-simple"},"_links":{"self":[{"href":"https:\/\/ons.pe\/wp1\/wp-json\/wp\/v2\/product\/788","targetHints":{"allow":["GET"]}}],"collection":[{"href":"https:\/\/ons.pe\/wp1\/wp-json\/wp\/v2\/product"}],"about":[{"href":"https:\/\/ons.pe\/wp1\/wp-json\/wp\/v2\/types\/product"}],"replies":[{"embeddable":true,"href":"https:\/\/ons.pe\/wp1\/wp-json\/wp\/v2\/comments?post=788"}],"wp:featuredmedia":[{"embeddable":true,"href":"https:\/\/ons.pe\/wp1\/wp-json\/wp\/v2\/media\/837"}],"wp:attachment":[{"href":"https:\/\/ons.pe\/wp1\/wp-json\/wp\/v2\/media?parent=788"}],"wp:term":[{"taxonomy":"product_brand","embeddable":true,"href":"https:\/\/ons.pe\/wp1\/wp-json\/wp\/v2\/product_brand?post=788"},{"taxonomy":"product_cat","embeddable":true,"href":"https:\/\/ons.pe\/wp1\/wp-json\/wp\/v2\/product_cat?post=788"},{"taxonomy":"product_tag","embeddable":true,"href":"https:\/\/ons.pe\/wp1\/wp-json\/wp\/v2\/product_tag?post=788"}],"curies":[{"name":"wp","href":"https:\/\/api.w.org\/{rel}","templated":true}]}}