{"id":3274,"date":"2021-08-04T00:15:57","date_gmt":"2021-08-04T05:15:57","guid":{"rendered":"https:\/\/ons.pe\/wp1\/?post_type=product&#038;p=3274"},"modified":"2021-08-04T00:24:39","modified_gmt":"2021-08-04T05:24:39","slug":"e09-hemorragia-y-hemostasia","status":"publish","type":"product","link":"https:\/\/ons.pe\/wp1\/product\/e09-hemorragia-y-hemostasia\/","title":{"rendered":"E09 HEMORRAGIA Y HEMOSTASIA"},"content":{"rendered":"<ul>\n<li>E901-1 Coagulaci\u00f3n sangu\u00ednea<\/li>\n<li>E902-1 Efecto hemost\u00e1tico de lidoca\u00edna y epinefrina<\/li>\n<li>E903-1 Directrices para paciente odontol\u00f3gico con historia de hemofilia<\/li>\n<li>E904-1 F\u00e1rmacos hemost\u00e1ticos<\/li>\n<li>E905-1 Tratamiento de ni\u00f1os con trastornos de la hemostasia<\/li>\n<li>E906-1 Extracci\u00f3n dental en pacientes que usan warfarina y terapia anti plaquetaria<\/li>\n<li>E907-1 Condiciones orales en pacientes hematol\u00f3gicos<\/li>\n<li>E908-1 Alveolitis h\u00fameda y hemorragia post exodoncia<\/li>\n<li>E909-1 Alteraci\u00f3n de la terapia con warfarina pre extracci\u00f3n dental<\/li>\n<li>E910-1 Anomal\u00edas de la coagulaci\u00f3n en pacientes cirr\u00f3ticos<\/li>\n<li>E911-1 Hematoma facial<\/li>\n<\/ul>\n","protected":false},"excerpt":{"rendered":"<p>Coagulaci\u00f3n sangu\u00ednea. Efecto hemost\u00e1tico de la lidoca\u00edna y la epinefrina. F\u00e1rmacos hemost\u00e1ticos. Tratamiento de ni\u00f1os con trastornos de la hemostasia. Extracci\u00f3n dental en ni\u00f1os que usan warfarina. Condiciones orales en pacientes hematol\u00f3gicos. Alveolitis h\u00fameda y hemorragia post extracci\u00f3n dental. Alteraci\u00f3n de la terapia con warfarina previo a la exodoncia. Hematoma facial.<\/p>\n","protected":false},"featured_media":3299,"comment_status":"closed","ping_status":"closed","template":"","meta":{"site-sidebar-layout":"default","site-content-layout":"default","ast-site-content-layout":"default","site-content-style":"default","site-sidebar-style":"default","ast-global-header-display":"","ast-banner-title-visibility":"","ast-main-header-display":"","ast-hfb-above-header-display":"","ast-hfb-below-header-display":"","ast-hfb-mobile-header-display":"","site-post-title":"","ast-breadcrumbs-content":"","ast-featured-img":"","footer-sml-layout":"","ast-disable-related-posts":"","theme-transparent-header-meta":"default","adv-header-id-meta":"","stick-header-meta":"","header-above-stick-meta":"","header-main-stick-meta":"","header-below-stick-meta":"","astra-migrate-meta-layouts":"default","ast-page-background-enabled":"default","ast-page-background-meta":{"desktop":{"background-color":"","background-image":"","background-repeat":"repeat","background-position":"center center","background-size":"auto","background-attachment":"scroll","background-type":"","background-media":"","overlay-type":"","overlay-color":"","overlay-opacity":"","overlay-gradient":""},"tablet":{"background-color":"","background-image":"","background-repeat":"repeat","background-position":"center center","background-size":"auto","background-attachment":"scroll","background-type":"","background-media":"","overlay-type":"","overlay-color":"","overlay-opacity":"","overlay-gradient":""},"mobile":{"background-color":"","background-image":"","background-repeat":"repeat","background-position":"center center","background-size":"auto","background-attachment":"scroll","background-type":"","background-media":"","overlay-type":"","overlay-color":"","overlay-opacity":"","overlay-gradient":""}},"ast-content-background-meta":{"desktop":{"background-color":"var(--ast-global-color-5)","background-image":"","background-repeat":"repeat","background-position":"center center","background-size":"auto","background-attachment":"scroll","background-type":"","background-media":"","overlay-type":"","overlay-color":"","overlay-opacity":"","overlay-gradient":""},"tablet":{"background-color":"var(--ast-global-color-5)","background-image":"","background-repeat":"repeat","background-position":"center center","background-size":"auto","background-attachment":"scroll","background-type":"","background-media":"","overlay-type":"","overlay-color":"","overlay-opacity":"","overlay-gradient":""},"mobile":{"background-color":"var(--ast-global-color-5)","background-image":"","background-repeat":"repeat","background-position":"center center","background-size":"auto","background-attachment":"scroll","background-type":"","background-media":"","overlay-type":"","overlay-color":"","overlay-opacity":"","overlay-gradient":""}}},"product_brand":[],"product_cat":[34],"product_tag":[],"class_list":{"0":"post-3274","1":"product","2":"type-product","3":"status-publish","4":"has-post-thumbnail","6":"product_cat-farmacoterapia","7":"desktop-align-left","8":"tablet-align-left","9":"mobile-align-left","11":"first","12":"instock","13":"virtual","14":"sold-individually","15":"taxable","16":"purchasable","17":"product-type-simple"},"_links":{"self":[{"href":"https:\/\/ons.pe\/wp1\/wp-json\/wp\/v2\/product\/3274","targetHints":{"allow":["GET"]}}],"collection":[{"href":"https:\/\/ons.pe\/wp1\/wp-json\/wp\/v2\/product"}],"about":[{"href":"https:\/\/ons.pe\/wp1\/wp-json\/wp\/v2\/types\/product"}],"replies":[{"embeddable":true,"href":"https:\/\/ons.pe\/wp1\/wp-json\/wp\/v2\/comments?post=3274"}],"wp:featuredmedia":[{"embeddable":true,"href":"https:\/\/ons.pe\/wp1\/wp-json\/wp\/v2\/media\/3299"}],"wp:attachment":[{"href":"https:\/\/ons.pe\/wp1\/wp-json\/wp\/v2\/media?parent=3274"}],"wp:term":[{"taxonomy":"product_brand","embeddable":true,"href":"https:\/\/ons.pe\/wp1\/wp-json\/wp\/v2\/product_brand?post=3274"},{"taxonomy":"product_cat","embeddable":true,"href":"https:\/\/ons.pe\/wp1\/wp-json\/wp\/v2\/product_cat?post=3274"},{"taxonomy":"product_tag","embeddable":true,"href":"https:\/\/ons.pe\/wp1\/wp-json\/wp\/v2\/product_tag?post=3274"}],"curies":[{"name":"wp","href":"https:\/\/api.w.org\/{rel}","templated":true}]}}