{"id":3177,"date":"2021-08-03T23:17:33","date_gmt":"2021-08-04T04:17:33","guid":{"rendered":"https:\/\/ons.pe\/wp1\/?post_type=product&#038;p=3177"},"modified":"2021-08-05T02:19:26","modified_gmt":"2021-08-05T07:19:26","slug":"e05-antibiotico-terapia","status":"publish","type":"product","link":"https:\/\/ons.pe\/wp1\/product\/e05-antibiotico-terapia\/","title":{"rendered":"E05 ANTIBIOTICOTERAPIA"},"content":{"rendered":"<ul>\n<li>E501-1 Diagn\u00f3stico de infecciones faciales<\/li>\n<li>E502-1 Candidiasis oral e higiene bucal en pacientes con quimioterapia<\/li>\n<li>E503-1 Candidiasis oral ulcerativa como factor proactivo en paciente ambulatorio<\/li>\n<li>E504-1 Miiasis maxilar rara por Cochliomyia hominivorax<\/li>\n<li>E505-1 Infecciones de origen aerobio<\/li>\n<li>E506-1 Cuidados dentales urgentes durante la pandemia de COVID19<\/li>\n<li>E507-1 Rutas de transmisi\u00f3n del COVID19 y control dental<\/li>\n<li>E508-1 Drenaje de absceso dentario agudo<\/li>\n<li>E509-1 Infecciones de origen anaerobio<\/li>\n<li>E510-1 Absceso pos bichectom\u00eda<\/li>\n<li>E511-1 Evaluaci\u00f3n de factores predictivos en pacientes con infecci\u00f3n facial<\/li>\n<li>E512-1 Betalactamasa D en nuevo pl\u00e1smido en seis hospitales de Dinamarca<\/li>\n<li>E513-1 R\u00e1nula infectada<\/li>\n<li>E514-1 Atlas de infecciones y c\u00f3mo recetar antibi\u00f3ticos<\/li>\n<\/ul>\n","protected":false},"excerpt":{"rendered":"<p>Diagn\u00f3stico de infecciones faciales. Infecciones de origen aerobio. Miiasis maxilar. Drenaje de absceso dentario agudo. Infecciones de origen anaerobio. Absceso post bichectom\u00eda. Betalactamasa. Manejo de una r\u00e1nula infectada. Atlas de infecciones y c\u00f3mo recetar antibi\u00f3ticos.<\/p>\n","protected":false},"featured_media":3208,"comment_status":"closed","ping_status":"closed","template":"","meta":{"site-sidebar-layout":"default","site-content-layout":"default","ast-site-content-layout":"default","site-content-style":"default","site-sidebar-style":"default","ast-global-header-display":"","ast-banner-title-visibility":"","ast-main-header-display":"","ast-hfb-above-header-display":"","ast-hfb-below-header-display":"","ast-hfb-mobile-header-display":"","site-post-title":"","ast-breadcrumbs-content":"","ast-featured-img":"","footer-sml-layout":"","ast-disable-related-posts":"","theme-transparent-header-meta":"default","adv-header-id-meta":"","stick-header-meta":"","header-above-stick-meta":"","header-main-stick-meta":"","header-below-stick-meta":"","astra-migrate-meta-layouts":"default","ast-page-background-enabled":"default","ast-page-background-meta":{"desktop":{"background-color":"","background-image":"","background-repeat":"repeat","background-position":"center center","background-size":"auto","background-attachment":"scroll","background-type":"","background-media":"","overlay-type":"","overlay-color":"","overlay-opacity":"","overlay-gradient":""},"tablet":{"background-color":"","background-image":"","background-repeat":"repeat","background-position":"center center","background-size":"auto","background-attachment":"scroll","background-type":"","background-media":"","overlay-type":"","overlay-color":"","overlay-opacity":"","overlay-gradient":""},"mobile":{"background-color":"","background-image":"","background-repeat":"repeat","background-position":"center center","background-size":"auto","background-attachment":"scroll","background-type":"","background-media":"","overlay-type":"","overlay-color":"","overlay-opacity":"","overlay-gradient":""}},"ast-content-background-meta":{"desktop":{"background-color":"var(--ast-global-color-5)","background-image":"","background-repeat":"repeat","background-position":"center center","background-size":"auto","background-attachment":"scroll","background-type":"","background-media":"","overlay-type":"","overlay-color":"","overlay-opacity":"","overlay-gradient":""},"tablet":{"background-color":"var(--ast-global-color-5)","background-image":"","background-repeat":"repeat","background-position":"center center","background-size":"auto","background-attachment":"scroll","background-type":"","background-media":"","overlay-type":"","overlay-color":"","overlay-opacity":"","overlay-gradient":""},"mobile":{"background-color":"var(--ast-global-color-5)","background-image":"","background-repeat":"repeat","background-position":"center center","background-size":"auto","background-attachment":"scroll","background-type":"","background-media":"","overlay-type":"","overlay-color":"","overlay-opacity":"","overlay-gradient":""}}},"product_brand":[],"product_cat":[34],"product_tag":[],"class_list":{"0":"post-3177","1":"product","2":"type-product","3":"status-publish","4":"has-post-thumbnail","6":"product_cat-farmacoterapia","7":"desktop-align-left","8":"tablet-align-left","9":"mobile-align-left","11":"first","12":"instock","13":"virtual","14":"sold-individually","15":"taxable","16":"purchasable","17":"product-type-simple"},"_links":{"self":[{"href":"https:\/\/ons.pe\/wp1\/wp-json\/wp\/v2\/product\/3177","targetHints":{"allow":["GET"]}}],"collection":[{"href":"https:\/\/ons.pe\/wp1\/wp-json\/wp\/v2\/product"}],"about":[{"href":"https:\/\/ons.pe\/wp1\/wp-json\/wp\/v2\/types\/product"}],"replies":[{"embeddable":true,"href":"https:\/\/ons.pe\/wp1\/wp-json\/wp\/v2\/comments?post=3177"}],"wp:featuredmedia":[{"embeddable":true,"href":"https:\/\/ons.pe\/wp1\/wp-json\/wp\/v2\/media\/3208"}],"wp:attachment":[{"href":"https:\/\/ons.pe\/wp1\/wp-json\/wp\/v2\/media?parent=3177"}],"wp:term":[{"taxonomy":"product_brand","embeddable":true,"href":"https:\/\/ons.pe\/wp1\/wp-json\/wp\/v2\/product_brand?post=3177"},{"taxonomy":"product_cat","embeddable":true,"href":"https:\/\/ons.pe\/wp1\/wp-json\/wp\/v2\/product_cat?post=3177"},{"taxonomy":"product_tag","embeddable":true,"href":"https:\/\/ons.pe\/wp1\/wp-json\/wp\/v2\/product_tag?post=3177"}],"curies":[{"name":"wp","href":"https:\/\/api.w.org\/{rel}","templated":true}]}}