{"id":2785,"date":"2021-07-23T11:45:04","date_gmt":"2021-07-23T16:45:04","guid":{"rendered":"https:\/\/ons.pe\/wp1\/?post_type=product&#038;p=2785"},"modified":"2021-07-23T11:49:23","modified_gmt":"2021-07-23T16:49:23","slug":"h01-tercer-molar-diagnostico-pre-quirurgico","status":"publish","type":"product","link":"https:\/\/ons.pe\/wp1\/product\/h01-tercer-molar-diagnostico-pre-quirurgico\/","title":{"rendered":"H01 TERCER MOLAR DIAGN\u00d3STICO PRE QUIR\u00daRGICO"},"content":{"rendered":"<ul>\n<li>C\u00f3mo leer una radiograf\u00eda panor\u00e1mica<\/li>\n<li>Localizaci\u00f3n de dientes retenidos<\/li>\n<li>Posiciones tercer molar inferior Diagn\u00f3stico<\/li>\n<li>Tercer molar Preguntas final (#2789)<\/li>\n<li>Extracci\u00f3n de dientes retenidos Reglas de Oro<\/li>\n<li>Consentimiento informado para exodoncia 3\u00b0molar<\/li>\n<li>Extraer o no extraer en Suecia y Gales<\/li>\n<li>Dientes cercanos al conducto dentario<\/li>\n<li>Erupci\u00f3n del 3\u00b0molar<\/li>\n<li>Calcificaci\u00f3n ra\u00edz Influencia gen\u00e9tica y medio ambiental<\/li>\n<li>Predictores radiogr\u00e1ficos de erupci\u00f3n 3\u00b0molar<\/li>\n<\/ul>\n","protected":false},"excerpt":{"rendered":"<p>C\u00f3mo leer una radiograf\u00eda panor\u00e1mica. Localizaci\u00f3n de dientes retenidos. Posiciones del tercer molar inferior. Preguntas y respuestas sobre el tercer molar. Reglas de Oro para extraer dientes retenidos. Consentimiento informado para extraer terceros molares. Dientes cercanos al conducto dentario inferior. Predictores radiogr\u00e1ficos para la erupci\u00f3n del tercer molar.<\/p>\n","protected":false},"featured_media":2808,"comment_status":"closed","ping_status":"closed","template":"","meta":{"site-sidebar-layout":"default","site-content-layout":"default","ast-site-content-layout":"default","site-content-style":"default","site-sidebar-style":"default","ast-global-header-display":"","ast-banner-title-visibility":"","ast-main-header-display":"","ast-hfb-above-header-display":"","ast-hfb-below-header-display":"","ast-hfb-mobile-header-display":"","site-post-title":"","ast-breadcrumbs-content":"","ast-featured-img":"","footer-sml-layout":"","ast-disable-related-posts":"","theme-transparent-header-meta":"default","adv-header-id-meta":"","stick-header-meta":"","header-above-stick-meta":"","header-main-stick-meta":"","header-below-stick-meta":"","astra-migrate-meta-layouts":"default","ast-page-background-enabled":"default","ast-page-background-meta":{"desktop":{"background-color":"","background-image":"","background-repeat":"repeat","background-position":"center center","background-size":"auto","background-attachment":"scroll","background-type":"","background-media":"","overlay-type":"","overlay-color":"","overlay-opacity":"","overlay-gradient":""},"tablet":{"background-color":"","background-image":"","background-repeat":"repeat","background-position":"center center","background-size":"auto","background-attachment":"scroll","background-type":"","background-media":"","overlay-type":"","overlay-color":"","overlay-opacity":"","overlay-gradient":""},"mobile":{"background-color":"","background-image":"","background-repeat":"repeat","background-position":"center center","background-size":"auto","background-attachment":"scroll","background-type":"","background-media":"","overlay-type":"","overlay-color":"","overlay-opacity":"","overlay-gradient":""}},"ast-content-background-meta":{"desktop":{"background-color":"var(--ast-global-color-5)","background-image":"","background-repeat":"repeat","background-position":"center center","background-size":"auto","background-attachment":"scroll","background-type":"","background-media":"","overlay-type":"","overlay-color":"","overlay-opacity":"","overlay-gradient":""},"tablet":{"background-color":"var(--ast-global-color-5)","background-image":"","background-repeat":"repeat","background-position":"center center","background-size":"auto","background-attachment":"scroll","background-type":"","background-media":"","overlay-type":"","overlay-color":"","overlay-opacity":"","overlay-gradient":""},"mobile":{"background-color":"var(--ast-global-color-5)","background-image":"","background-repeat":"repeat","background-position":"center center","background-size":"auto","background-attachment":"scroll","background-type":"","background-media":"","overlay-type":"","overlay-color":"","overlay-opacity":"","overlay-gradient":""}}},"product_brand":[],"product_cat":[28,30],"product_tag":[],"class_list":{"0":"post-2785","1":"product","2":"type-product","3":"status-publish","4":"has-post-thumbnail","6":"product_cat-cirugia-bucal","7":"product_cat-terecer-molar","8":"desktop-align-left","9":"tablet-align-left","10":"mobile-align-left","12":"first","13":"instock","14":"virtual","15":"sold-individually","16":"taxable","17":"purchasable","18":"product-type-simple"},"_links":{"self":[{"href":"https:\/\/ons.pe\/wp1\/wp-json\/wp\/v2\/product\/2785","targetHints":{"allow":["GET"]}}],"collection":[{"href":"https:\/\/ons.pe\/wp1\/wp-json\/wp\/v2\/product"}],"about":[{"href":"https:\/\/ons.pe\/wp1\/wp-json\/wp\/v2\/types\/product"}],"replies":[{"embeddable":true,"href":"https:\/\/ons.pe\/wp1\/wp-json\/wp\/v2\/comments?post=2785"}],"wp:featuredmedia":[{"embeddable":true,"href":"https:\/\/ons.pe\/wp1\/wp-json\/wp\/v2\/media\/2808"}],"wp:attachment":[{"href":"https:\/\/ons.pe\/wp1\/wp-json\/wp\/v2\/media?parent=2785"}],"wp:term":[{"taxonomy":"product_brand","embeddable":true,"href":"https:\/\/ons.pe\/wp1\/wp-json\/wp\/v2\/product_brand?post=2785"},{"taxonomy":"product_cat","embeddable":true,"href":"https:\/\/ons.pe\/wp1\/wp-json\/wp\/v2\/product_cat?post=2785"},{"taxonomy":"product_tag","embeddable":true,"href":"https:\/\/ons.pe\/wp1\/wp-json\/wp\/v2\/product_tag?post=2785"}],"curies":[{"name":"wp","href":"https:\/\/api.w.org\/{rel}","templated":true}]}}