{"id":1920,"date":"2021-07-14T19:16:23","date_gmt":"2021-07-15T00:16:23","guid":{"rendered":"https:\/\/ons.pe\/wp1\/product\/infecciones-dentarias-y-no-dentarias\/"},"modified":"2021-09-07T17:20:38","modified_gmt":"2021-09-07T22:20:38","slug":"infecciones-dentarias-y-no-dentarias","status":"publish","type":"product","link":"https:\/\/ons.pe\/wp1\/product\/infecciones-dentarias-y-no-dentarias\/","title":{"rendered":"Infecciones dentarias y no dentarias"},"content":{"rendered":"        <!-- wrt_print_rt_wp_responsive_tabs_func -->                \n                \n                \n                            \n            \n              <!-- wrt_print_rt_wp_responsive_tabs_style --><style>\n\n                    .tab_set6 .vresp-tabs-list{margin-left: 0px}\n                    .tab_set6 a{box-shadow:none;border-bottom:none}\n                    .tab_set6 h2heading.resp-tab-active span.resp-arrow{border-bottom:12px solid #428bca}\n                    .tab_set6 .vresp-tab-active span.resp-arrow{border-bottom:12px solid #428bca}\n                    .tab_set6 .resp-arrow{border-top:12px solid #ffffff}\n                    .tab_set6 .resp-tab-content{color:#000000;border:1px solid  #81d742}\n                    .tab_set6 .vresp-tab-item{color:#ffffff;background-color: #00aadd;}\n                    .tab_set6 .vresp-tab-content{color:#000000;border-color: #81d742}\n                    .tab_set6 .vresp-tabs-container{background-color: #ffffff}\n                    .tab_set6 .vresp-tabs-container h2heading{}\n                    .tab_set6 .vresp-tab-active{color:#ffffff;border-color:1px solid  #81d742;margin-right:-1px;margin-top:2px; border-right:none !important}\n                    .tab_set6 .resp-accordion.vresp-tab-active{color:#ffffff;border-color:1px solid  #81d742;margin-right:0px;margin-top:0px; }\n\n                    .tab_set6 .vresp-tab-content-active{color:#000000;background-color:#ffffff }\n                    .wrt_69e4cbd452312 .resp-accordion{color:#ffffff;}\n                    .wrt_69e4cbd452312 .resp-accordion.vresp-tab-active{color:#ffffff;border-right:1px solid  #81d742 !important }\n                     .tab_set6 .vresp-tab-item:hover{color:#428bca;background-color: #ffffff;border-left:4px solid  #81d742 !important ;border-top:1px solid  #81d742;border-bottom:1px solid  #81d742;padding:14px 14px;transition:none}\n                     .tab_set6 .vresp-tab-active{color:#428bca;background-color: #ffffff}\n                     \n                    @media only screen and (max-width: 768px) {\n                        \n                        .tab_set6  h2heading{background-color: #00aadd}\n                        .tab_set6 .vresp-tabs-container{background-color:unset }\n                        .tab_set6 .resp-accordion.vresp-tab-active{\n                            \n                           background-color: #ffffff ;\n                            border-top:3px solid #81d742;\n                           margin-top: 0px;\n                           color:#428bca;\n                        }\n                    }\n                    .tab_set6 .resp-accordion.resp-tab-active{\n                            \n                           background-color: #ffffff ;\n                           border-top:3px solid #81d742;\n                           margin-top: 0px;\n                           color:#428bca;\n                        }\n                        .tab_set6 .resp-accordion.resp-tab-active:first-child{\n                            \n                           border-top:4px solid #81d742;\n                         \n                        }\n                        \n                                                    .tab_set6 .resp-tab-content-active{\n\n                                background-color: #ffffff ;\n                            }\n\n                             .tab_set6 .resp-accordion{\n\n                                 background-color:#00aadd;\n                                 color:#ffffff;\n                             }\n                                         <\/style><!-- end wrt_print_rt_wp_responsive_tabs_style -->\n\n          \n                \n       \n                              \n            \n                        <div id=\"6_Tab\" class=\"wrt_69e4cbd452312 6_Tab\" style=\"visibility: hidden\" > <div data-tabido=\"tab_set6\" id=\"tab_set6_overlay\" class=\"overlay_\" style=\"background: #fff url('https:\/\/ons.pe\/wp1\/wp-content\/plugins\/responsive-horizontal-vertical-and-accordion-tabs\/images\/bx_loader.gif') no-repeat scroll 50% 50%;\" ><\/div><div id=\"tab_set6\" class=\"tab_set6\"><ul  class=\"resp-tabs-list  hor_tab_set6\"><li data-isajaxloaded=\"0\" data-tabid=\"42\">ANTIBIOTICOTERAPIA<\/li><li data-isajaxloaded=\"0\" data-tabid=\"43\">C\u00d3MO RECETAR ANTIBI\u00d3TICOS<\/li><li data-isajaxloaded=\"0\" data-tabid=\"44\">INFECCIONES VIRALES EN LA BOCA<\/li><li data-isajaxloaded=\"0\" data-tabid=\"45\">INFECCIONES FACIALES \u2013 DIAGN\u00d3STICO DIFERENCIAL<\/li><li data-isajaxloaded=\"0\" data-tabid=\"46\">INFECCIONES FACIALES \u2013 TRATAMIENTO ANTIBI\u00d3TICO<\/li><li data-isajaxloaded=\"0\" data-tabid=\"47\">INFECCIONES FACIALES \u2013 TRATAMIENTO QUIR\u00daRGICO<\/li><\/ul><div class=\" resp-tabs-container hor_tab_set6\"><div id=\"tab_tab_set6_42\"><ol>\n<li>Diagn\u00f3stico de infecciones faciales.<\/li>\n<li>Infecciones de origen aerobio. Infecciones de origen anaerobio.<\/li>\n<li>Drenaje de abscesos. Medicaci\u00f3n antibi\u00f3tica en pacientes pedi\u00e1tricos.<\/li>\n<li>Importancia de la betalactamasa en resistencia bacteriana.<\/li>\n<li>Profilaxis antibi\u00f3tica y endocarditis bacteriana.<\/li>\n<li>Prevenci\u00f3n de endocarditis.<\/li>\n<li>Profilaxis antibi\u00f3tica en la endocarditis bacteriana antes y despu\u00e9s del 2007.<\/li>\n<li>Efecto del tratamiento dental antes de la cirug\u00eda card\u00edaca.<\/li>\n<\/ol>\n<\/div><div id=\"tab_tab_set6_43\"><p>Confecci\u00f3n de la receta m\u00e9dica. Gu\u00eda cl\u00ednica para infecciones odont\u00f3genas. Prescripci\u00f3n de antibi\u00f3ticos. Manejo de infecciones faciales en ni\u00f1os. Atlas de infecciones y c\u00f3mo recetar antibi\u00f3ticos seg\u00fan el peso del paciente.<\/p>\n<\/div><div id=\"tab_tab_set6_44\"><p>Virosis de la cavidad bucal. Infecciones virales en boca. Diagn\u00f3stico y tratamiento del herpes virus, herpes zoster y otras virosis. Manifestaciones bucales secundarias en el paciente con COVID-19. Exantema similar a varicela en el COVID-19. Manifestaciones orales en el COVID-19.<\/p>\n<\/div><div id=\"tab_tab_set6_45\"><p>Diagn\u00f3stico diferencial de infecciones faciales. Preguntas m\u00e1s frecuentes sobre infecciones faciales. Infecciones graves de origen dentario. Infecciones faciales en ni\u00f1os. Retraso en el diagn\u00f3stico de infecciones faciales. Atlas de infecciones faciales y c\u00f3mo recetar antibi\u00f3ticos.<\/p>\n<\/div><div id=\"tab_tab_set6_46\"><p>Alveolitis h\u00fameda y sus complicaciones tard\u00edas. Medicaci\u00f3n antibi\u00f3tica en pacientes pedi\u00e1tricos. Infecciones graves de origen dentario. Preguntas frecuentes sobre infecciones faciales. Diagn\u00f3stico de infecciones profundas del cuello. Fascitis necrotizante de origen dentario.<\/p>\n<\/div><div id=\"tab_tab_set6_47\"><p>Hinchaz\u00f3n facial, cu\u00e1ndo tratar con antibi\u00f3ticos. Interacciones entre agentes antimicrobianos. Manejo quir\u00fargico de la infecci\u00f3n aer\u00f3bica y anaer\u00f3bica. Infecci\u00f3n c\u00e9rvico facial en ni\u00f1os que requieren hospitalizaci\u00f3n. Debridamiento de fascitis necrotizante.<\/p>\n<\/div><\/div><\/div><\/div>         \n            <!-- wrt_print_rt_wp_responsive_tabs_script --><script type=\"text\/javascript\">\n\n                              \n                var interval_69e4cbd452514 = setInterval(function() {\n\n                 if(document.readyState === 'complete') {\n                     \n                    clearInterval(interval_69e4cbd452514);\n                   \n                     jQuery('.tab_set6').easyResponsiveTabs({\n\n                          type: 'accordion', \/\/Types: default, vertical, accordion\n                          width: 'auto', \/\/auto or any width like 600px\n                          fit: true, \/\/ 100% fit in a container\n                          closed: 'accordion', \/\/ Start closed if in accordion view\n                          tabidentify: 'hor_tab_set6', \/\/ The tab groups identifier\n                          active_border_color: '#81d742',\n                          active_content_border_color: '#81d742',\n                          activetab_bg: '#ffffff',\n                          inactive_bg: '#00aadd'\n\n                      });\n\n                     \n                    \n                                            \n                        setTimeout(function(){ \n                        \n                        \n                         \n                         jQuery(\".tab_set6\").find('[data-tabid=\"42\"]:first').trigger('click');\n                          jQuery(\".tab_set6\").css('visibility', 'visible'); \n\n                        }, 800);\n\n                        \n                        \n                        \n                        \n                  \n                  \n                      \n                   }    \n                }, 100); \n                   \n            <\/script><!-- end wrt_print_rt_wp_responsive_tabs_script -->\n         \n               \n                \n<!-- end wrt_print_rt_wp_responsive_tabs_func -->\n    \n","protected":false},"excerpt":{"rendered":"<p>Este curso integral ha sido estructurado en 6 m\u00f3dulos que en total abarcan 53 cursos espec\u00edficos.<br \/>\nCONTENIDO:<br \/>\nANTIBIOTICOTERAPIA (18 cursos)<br \/>\nC\u00d3MO RECETAR ANTIBI\u00d3TICOS (6 cursos)<br \/>\nINFECCIONES VIRALES EN LA BOCA (9 cursos)<br \/>\nINFECCIONES FACIALES \u2013 DIAGN\u00d3STICO DIFERENCIAL (8 cursos)<br \/>\nINFECCIONES FACIALES \u2013 TRATAMIENTO ANTIBI\u00d3TICO (7 cursos)<br \/>\nINFECCIONES FACIALES \u2013 TRATAMIENTO QUIR\u00daRGICO (5 cursos)<\/p>\n","protected":false},"featured_media":1921,"comment_status":"closed","ping_status":"closed","template":"","meta":{"site-sidebar-layout":"default","site-content-layout":"default","ast-site-content-layout":"default","site-content-style":"default","site-sidebar-style":"default","ast-global-header-display":"","ast-banner-title-visibility":"","ast-main-header-display":"","ast-hfb-above-header-display":"","ast-hfb-below-header-display":"","ast-hfb-mobile-header-display":"","site-post-title":"","ast-breadcrumbs-content":"","ast-featured-img":"","footer-sml-layout":"","ast-disable-related-posts":"","theme-transparent-header-meta":"default","adv-header-id-meta":"","stick-header-meta":"","header-above-stick-meta":"","header-main-stick-meta":"","header-below-stick-meta":"","astra-migrate-meta-layouts":"default","ast-page-background-enabled":"default","ast-page-background-meta":{"desktop":{"background-color":"","background-image":"","background-repeat":"repeat","background-position":"center center","background-size":"auto","background-attachment":"scroll","background-type":"","background-media":"","overlay-type":"","overlay-color":"","overlay-opacity":"","overlay-gradient":""},"tablet":{"background-color":"","background-image":"","background-repeat":"repeat","background-position":"center center","background-size":"auto","background-attachment":"scroll","background-type":"","background-media":"","overlay-type":"","overlay-color":"","overlay-opacity":"","overlay-gradient":""},"mobile":{"background-color":"","background-image":"","background-repeat":"repeat","background-position":"center center","background-size":"auto","background-attachment":"scroll","background-type":"","background-media":"","overlay-type":"","overlay-color":"","overlay-opacity":"","overlay-gradient":""}},"ast-content-background-meta":{"desktop":{"background-color":"var(--ast-global-color-5)","background-image":"","background-repeat":"repeat","background-position":"center center","background-size":"auto","background-attachment":"scroll","background-type":"","background-media":"","overlay-type":"","overlay-color":"","overlay-opacity":"","overlay-gradient":""},"tablet":{"background-color":"var(--ast-global-color-5)","background-image":"","background-repeat":"repeat","background-position":"center center","background-size":"auto","background-attachment":"scroll","background-type":"","background-media":"","overlay-type":"","overlay-color":"","overlay-opacity":"","overlay-gradient":""},"mobile":{"background-color":"var(--ast-global-color-5)","background-image":"","background-repeat":"repeat","background-position":"center center","background-size":"auto","background-attachment":"scroll","background-type":"","background-media":"","overlay-type":"","overlay-color":"","overlay-opacity":"","overlay-gradient":""}}},"product_brand":[],"product_cat":[38,36],"product_tag":[],"class_list":{"0":"post-1920","1":"product","2":"type-product","3":"status-publish","4":"has-post-thumbnail","6":"product_cat-curso-integral","7":"product_cat-infecciones","8":"desktop-align-left","9":"tablet-align-left","10":"mobile-align-left","12":"first","13":"instock","14":"featured","15":"virtual","16":"sold-individually","17":"taxable","18":"purchasable","19":"product-type-simple"},"_links":{"self":[{"href":"https:\/\/ons.pe\/wp1\/wp-json\/wp\/v2\/product\/1920","targetHints":{"allow":["GET"]}}],"collection":[{"href":"https:\/\/ons.pe\/wp1\/wp-json\/wp\/v2\/product"}],"about":[{"href":"https:\/\/ons.pe\/wp1\/wp-json\/wp\/v2\/types\/product"}],"replies":[{"embeddable":true,"href":"https:\/\/ons.pe\/wp1\/wp-json\/wp\/v2\/comments?post=1920"}],"wp:featuredmedia":[{"embeddable":true,"href":"https:\/\/ons.pe\/wp1\/wp-json\/wp\/v2\/media\/1921"}],"wp:attachment":[{"href":"https:\/\/ons.pe\/wp1\/wp-json\/wp\/v2\/media?parent=1920"}],"wp:term":[{"taxonomy":"product_brand","embeddable":true,"href":"https:\/\/ons.pe\/wp1\/wp-json\/wp\/v2\/product_brand?post=1920"},{"taxonomy":"product_cat","embeddable":true,"href":"https:\/\/ons.pe\/wp1\/wp-json\/wp\/v2\/product_cat?post=1920"},{"taxonomy":"product_tag","embeddable":true,"href":"https:\/\/ons.pe\/wp1\/wp-json\/wp\/v2\/product_tag?post=1920"}],"curies":[{"name":"wp","href":"https:\/\/api.w.org\/{rel}","templated":true}]}}